{"id":11,"date":"2016-07-18T10:57:28","date_gmt":"2016-07-18T10:57:28","guid":{"rendered":"https:\/\/gerdmillmann.wordpress.com\/?page_id=11"},"modified":"2016-07-18T10:57:28","modified_gmt":"2016-07-18T10:57:28","slug":"publikationen","status":"publish","type":"page","link":"https:\/\/gerd-millmann.at\/?page_id=11","title":{"rendered":"Publikationen"},"content":{"rendered":"<div id=\"attachment_714\" style=\"width: 217px\" class=\"wp-caption alignright\"><img decoding=\"async\" aria-describedby=\"caption-attachment-714\" class=\"alignnone  wp-image-714\" src=\"https:\/\/gerd-millmann.at\/wp-content\/uploads\/2016\/07\/gerdmillmannblicknachlinks1.jpeg\" alt=\"Mag. Gerd Millmann\" width=\"207\" height=\"230\" \/><p id=\"caption-attachment-714\" class=\"wp-caption-text\">Mag. Gerd Millmann<\/p><\/div>\n<h2>B\u00fccher und Sammelb\u00e4nde<\/h2>\n<p>Als \u201eLeuchtturmprojekte\u201c z\u00e4hle ich hier einmal meine Buchprojekte auf:<\/p>\n<ul>\n<li>2015: <a class=\"page__title\" title=\"Buch: Auf der \u00dcberholspur bearbeiten\" href=\"https:\/\/wordpress.com\/page\/gerdmillmann.wordpress.com\/13\">Auf der \u00dcberholspur. Zeitzeugen \u00fcber das Goldene Zeitalter der \u00f6sterreichischen Wirtschaft, vom Staatsvertrag bis heute <\/a><\/li>\n<li>2013: <a class=\"page__title\" title=\"Referenzen bearbeiten\" href=\"https:\/\/wordpress.com\/page\/gerdmillmann.wordpress.com\/528\">Sportland \u00d6sterreich? <span id=\"ebooksProductTitle\" class=\"a-size-extra-large\">Athleten &#8211; Abzocker &#8211; Allianzen<\/span><\/a><\/li>\n<li>2005: <a class=\"page__title\" title=\"Wiener Jahrbuch f\u00fcr Politik 2004\/2005 bearbeiten\" href=\"https:\/\/wordpress.com\/page\/gerdmillmann.wordpress.com\/624\">Wiener Jahrbuch f\u00fcr Politik 2004\/2005 <\/a><\/li>\n<li>2004: <a class=\"page__title\" title=\"Wiener Jahrbuch f\u00fcr Politik 2003\/2004 bearbeiten\" href=\"https:\/\/wordpress.com\/page\/gerdmillmann.wordpress.com\/629\">Wiener Jahrbuch f\u00fcr Politik 2003\/2004 <\/a><\/li>\n<li>Diplomarbeit 1997: <a class=\"page__title\" title=\"Malta \u2013 ein Archipel zwischen Europa und Nordafrika bearbeiten\" href=\"https:\/\/wordpress.com\/page\/gerdmillmann.wordpress.com\/717\">Malta \u2013 ein Archipel zwischen Europa und Nordafrika <\/a><\/li>\n<\/ul>\n<h2>Studien und Gesch\u00e4ftsberichte<\/h2>\n<p>Daneben arbeitete ich an einer Reihe von Studien und Berichten mit, die ein weites Themenspektrum umfa\u00dften: von \u201eFrauen und Fu\u00dfball\u201c, \u00fcber die Situation von ausl\u00e4ndischen Studenten und Studentinnen in Wien, um zwei von vielen Beispiele zu nennen, bis zu Gesch\u00e4ftsberichten von Wirtschaftsverb\u00e4nden und Wiener kommunalen Einrichtungen.<\/p>\n<h2>Ghostwriter<\/h2>\n<p>Und dann gib es unz\u00e4hlige Publikationen, in denen ich als Autor meist nicht genannt werde und wurde. Ich nehme hier vor allem drei Bereiche heraus:<\/p>\n<ul>\n<li>die Formulierung von <strong>Reden<\/strong> \u2013 hier habe sehr gro\u00dfe Erfahrung nicht nur im Politik- und Verwaltungsbereich (f\u00fcr den Bundeskanzler, Parlamentarier bis zum Lokalpolitiker) gewonnen \u2013 und w\u00fcrde diese Erfahrung auch gerne verst\u00e4rkt im Wirtschafts- und Industriebereich anwenden.<\/li>\n<li>die Formulierung von <strong>Vorw\u00f6rtern<\/strong>, <strong>Portraits<\/strong> und <strong>Nachrufen<\/strong>.<\/li>\n<li>Bei der Arbeit f\u00fcr das Buch <strong><a class=\"page__title\" title=\"Buch: Auf der \u00dcberholspur bearbeiten\" href=\"https:\/\/wordpress.com\/page\/gerdmillmann.wordpress.com\/13\">Auf der \u00dcberholspur<\/a><\/strong> , wo ich Personen wie Hannes Androsch, Herbert Krejci, Veit Schalle, Rudolf Streicher, Josef Taus, um einige zu nennen, interviewen durfte, sah ich wieder, wieviel Freude mir diese Gespr\u00e4che machen.<br \/>\nBuchen Sie mich f\u00fcr die gemeinsame Erstellung Ihrer <strong>Biographie<\/strong> oder die <strong>Geschichte ihrer Firma\/Institution<\/strong> als <strong>Ghostwriter<\/strong> bzw. schreibender Partner.<\/li>\n<\/ul>\n<p>&nbsp;<\/p>\n","protected":false},"excerpt":{"rendered":"<p>B\u00fccher und Sammelb\u00e4nde Als \u201eLeuchtturmprojekte\u201c z\u00e4hle ich hier einmal meine Buchprojekte auf: 2015: Auf der \u00dcberholspur. Zeitzeugen \u00fcber das Goldene Zeitalter der \u00f6sterreichischen Wirtschaft, vom Staatsvertrag bis heute 2013: Sportland \u00d6sterreich? Athleten &#8211; Abzocker &#8211; Allianzen 2005: Wiener Jahrbuch f\u00fcr&#8230; <a class=\"more-link\" href=\"https:\/\/gerd-millmann.at\/?page_id=11\">Weiterlesen &rarr;<\/a><\/p>\n","protected":false},"author":2,"featured_media":0,"parent":0,"menu_order":0,"comment_status":"closed","ping_status":"closed","template":"","meta":{"footnotes":""},"class_list":["post-11","page","type-page","status-publish","hentry"],"yoast_head":"<!-- This site is optimized with the Yoast SEO plugin v27.5 - https:\/\/yoast.com\/product\/yoast-seo-wordpress\/ -->\n<title>Publikationen - Mag. Gerd Millmann<\/title>\n<meta name=\"robots\" content=\"index, follow, max-snippet:-1, max-image-preview:large, max-video-preview:-1\" \/>\n<link rel=\"canonical\" href=\"https:\/\/gerd-millmann.at\/?page_id=11\" \/>\n<meta property=\"og:locale\" content=\"de_DE\" \/>\n<meta property=\"og:type\" content=\"article\" \/>\n<meta property=\"og:title\" content=\"Publikationen - Mag. Gerd Millmann\" \/>\n<meta property=\"og:description\" content=\"B\u00fccher und Sammelb\u00e4nde Als \u201eLeuchtturmprojekte\u201c z\u00e4hle ich hier einmal meine Buchprojekte auf: 2015: Auf der \u00dcberholspur. Zeitzeugen \u00fcber das Goldene Zeitalter der \u00f6sterreichischen Wirtschaft, vom Staatsvertrag bis heute 2013: Sportland \u00d6sterreich? Athleten &#8211; Abzocker &#8211; Allianzen 2005: Wiener Jahrbuch f\u00fcr... Weiterlesen &rarr;\" \/>\n<meta property=\"og:url\" content=\"https:\/\/gerd-millmann.at\/?page_id=11\" \/>\n<meta property=\"og:site_name\" content=\"Mag. Gerd Millmann\" \/>\n<meta property=\"article:publisher\" content=\"https:\/\/www.facebook.com\/profile.php?id=1221733024\" \/>\n<meta property=\"og:image\" content=\"https:\/\/gerd-millmann.at\/wp-content\/uploads\/2016\/07\/gerdmillmannblicknachlinks1.jpeg\" \/>\n<meta name=\"twitter:card\" content=\"summary_large_image\" \/>\n<meta name=\"twitter:site\" content=\"@GerdMillmann\" \/>\n<meta name=\"twitter:label1\" content=\"Gesch\u00e4tzte Lesezeit\" \/>\n\t<meta name=\"twitter:data1\" content=\"1\u00a0Minute\" \/>\n<script type=\"application\/ld+json\" class=\"yoast-schema-graph\">{\"@context\":\"https:\\\/\\\/schema.org\",\"@graph\":[{\"@type\":\"WebPage\",\"@id\":\"https:\\\/\\\/gerd-millmann.at\\\/?page_id=11\",\"url\":\"https:\\\/\\\/gerd-millmann.at\\\/?page_id=11\",\"name\":\"Publikationen - Mag. Gerd Millmann\",\"isPartOf\":{\"@id\":\"https:\\\/\\\/gerd-millmann.at\\\/#website\"},\"primaryImageOfPage\":{\"@id\":\"https:\\\/\\\/gerd-millmann.at\\\/?page_id=11#primaryimage\"},\"image\":{\"@id\":\"https:\\\/\\\/gerd-millmann.at\\\/?page_id=11#primaryimage\"},\"thumbnailUrl\":\"https:\\\/\\\/gerd-millmann.at\\\/wp-content\\\/uploads\\\/2016\\\/07\\\/gerdmillmannblicknachlinks1.jpeg\",\"datePublished\":\"2016-07-18T10:57:28+00:00\",\"breadcrumb\":{\"@id\":\"https:\\\/\\\/gerd-millmann.at\\\/?page_id=11#breadcrumb\"},\"inLanguage\":\"de\",\"potentialAction\":[{\"@type\":\"ReadAction\",\"target\":[\"https:\\\/\\\/gerd-millmann.at\\\/?page_id=11\"]}]},{\"@type\":\"ImageObject\",\"inLanguage\":\"de\",\"@id\":\"https:\\\/\\\/gerd-millmann.at\\\/?page_id=11#primaryimage\",\"url\":\"https:\\\/\\\/gerd-millmann.at\\\/wp-content\\\/uploads\\\/2016\\\/07\\\/gerdmillmannblicknachlinks1.jpeg\",\"contentUrl\":\"https:\\\/\\\/gerd-millmann.at\\\/wp-content\\\/uploads\\\/2016\\\/07\\\/gerdmillmannblicknachlinks1.jpeg\",\"width\":450,\"height\":450,\"caption\":\"Mag. Gerd Millmann\"},{\"@type\":\"BreadcrumbList\",\"@id\":\"https:\\\/\\\/gerd-millmann.at\\\/?page_id=11#breadcrumb\",\"itemListElement\":[{\"@type\":\"ListItem\",\"position\":1,\"name\":\"Startseite\",\"item\":\"https:\\\/\\\/gerd-millmann.at\\\/\"},{\"@type\":\"ListItem\",\"position\":2,\"name\":\"Publikationen\"}]},{\"@type\":\"WebSite\",\"@id\":\"https:\\\/\\\/gerd-millmann.at\\\/#website\",\"url\":\"https:\\\/\\\/gerd-millmann.at\\\/\",\"name\":\"Mag. Gerd Millmann\",\"description\":\"Autor, Journalist, PR Berater, Public Affairs, Sportler\",\"publisher\":{\"@id\":\"https:\\\/\\\/gerd-millmann.at\\\/#organization\"},\"potentialAction\":[{\"@type\":\"SearchAction\",\"target\":{\"@type\":\"EntryPoint\",\"urlTemplate\":\"https:\\\/\\\/gerd-millmann.at\\\/?s={search_term_string}\"},\"query-input\":{\"@type\":\"PropertyValueSpecification\",\"valueRequired\":true,\"valueName\":\"search_term_string\"}}],\"inLanguage\":\"de\"},{\"@type\":\"Organization\",\"@id\":\"https:\\\/\\\/gerd-millmann.at\\\/#organization\",\"name\":\"Mag. Gerd Millmann\",\"url\":\"https:\\\/\\\/gerd-millmann.at\\\/\",\"logo\":{\"@type\":\"ImageObject\",\"inLanguage\":\"de\",\"@id\":\"https:\\\/\\\/gerd-millmann.at\\\/#\\\/schema\\\/logo\\\/image\\\/\",\"url\":\"https:\\\/\\\/gerd-millmann.at\\\/wp-content\\\/uploads\\\/2016\\\/07\\\/gerdmillmannblicknachlinks1.jpeg\",\"contentUrl\":\"https:\\\/\\\/gerd-millmann.at\\\/wp-content\\\/uploads\\\/2016\\\/07\\\/gerdmillmannblicknachlinks1.jpeg\",\"width\":450,\"height\":450,\"caption\":\"Mag. Gerd Millmann\"},\"image\":{\"@id\":\"https:\\\/\\\/gerd-millmann.at\\\/#\\\/schema\\\/logo\\\/image\\\/\"},\"sameAs\":[\"https:\\\/\\\/www.facebook.com\\\/profile.php?id=1221733024\",\"https:\\\/\\\/x.com\\\/GerdMillmann\",\"https:\\\/\\\/at.linkedin.com\\\/in\\\/gerd-millmann\",\"https:\\\/\\\/www.xing.com\\\/profile\\\/Gerd_Millmann2\\\/\"]}]}<\/script>\n<!-- \/ Yoast SEO plugin. -->","yoast_head_json":{"title":"Publikationen - Mag. Gerd Millmann","robots":{"index":"index","follow":"follow","max-snippet":"max-snippet:-1","max-image-preview":"max-image-preview:large","max-video-preview":"max-video-preview:-1"},"canonical":"https:\/\/gerd-millmann.at\/?page_id=11","og_locale":"de_DE","og_type":"article","og_title":"Publikationen - Mag. Gerd Millmann","og_description":"B\u00fccher und Sammelb\u00e4nde Als \u201eLeuchtturmprojekte\u201c z\u00e4hle ich hier einmal meine Buchprojekte auf: 2015: Auf der \u00dcberholspur. Zeitzeugen \u00fcber das Goldene Zeitalter der \u00f6sterreichischen Wirtschaft, vom Staatsvertrag bis heute 2013: Sportland \u00d6sterreich? Athleten &#8211; Abzocker &#8211; Allianzen 2005: Wiener Jahrbuch f\u00fcr... Weiterlesen &rarr;","og_url":"https:\/\/gerd-millmann.at\/?page_id=11","og_site_name":"Mag. Gerd Millmann","article_publisher":"https:\/\/www.facebook.com\/profile.php?id=1221733024","og_image":[{"url":"https:\/\/gerd-millmann.at\/wp-content\/uploads\/2016\/07\/gerdmillmannblicknachlinks1.jpeg","type":"","width":"","height":""}],"twitter_card":"summary_large_image","twitter_site":"@GerdMillmann","twitter_misc":{"Gesch\u00e4tzte Lesezeit":"1\u00a0Minute"},"schema":{"@context":"https:\/\/schema.org","@graph":[{"@type":"WebPage","@id":"https:\/\/gerd-millmann.at\/?page_id=11","url":"https:\/\/gerd-millmann.at\/?page_id=11","name":"Publikationen - Mag. Gerd Millmann","isPartOf":{"@id":"https:\/\/gerd-millmann.at\/#website"},"primaryImageOfPage":{"@id":"https:\/\/gerd-millmann.at\/?page_id=11#primaryimage"},"image":{"@id":"https:\/\/gerd-millmann.at\/?page_id=11#primaryimage"},"thumbnailUrl":"https:\/\/gerd-millmann.at\/wp-content\/uploads\/2016\/07\/gerdmillmannblicknachlinks1.jpeg","datePublished":"2016-07-18T10:57:28+00:00","breadcrumb":{"@id":"https:\/\/gerd-millmann.at\/?page_id=11#breadcrumb"},"inLanguage":"de","potentialAction":[{"@type":"ReadAction","target":["https:\/\/gerd-millmann.at\/?page_id=11"]}]},{"@type":"ImageObject","inLanguage":"de","@id":"https:\/\/gerd-millmann.at\/?page_id=11#primaryimage","url":"https:\/\/gerd-millmann.at\/wp-content\/uploads\/2016\/07\/gerdmillmannblicknachlinks1.jpeg","contentUrl":"https:\/\/gerd-millmann.at\/wp-content\/uploads\/2016\/07\/gerdmillmannblicknachlinks1.jpeg","width":450,"height":450,"caption":"Mag. Gerd Millmann"},{"@type":"BreadcrumbList","@id":"https:\/\/gerd-millmann.at\/?page_id=11#breadcrumb","itemListElement":[{"@type":"ListItem","position":1,"name":"Startseite","item":"https:\/\/gerd-millmann.at\/"},{"@type":"ListItem","position":2,"name":"Publikationen"}]},{"@type":"WebSite","@id":"https:\/\/gerd-millmann.at\/#website","url":"https:\/\/gerd-millmann.at\/","name":"Mag. Gerd Millmann","description":"Autor, Journalist, PR Berater, Public Affairs, Sportler","publisher":{"@id":"https:\/\/gerd-millmann.at\/#organization"},"potentialAction":[{"@type":"SearchAction","target":{"@type":"EntryPoint","urlTemplate":"https:\/\/gerd-millmann.at\/?s={search_term_string}"},"query-input":{"@type":"PropertyValueSpecification","valueRequired":true,"valueName":"search_term_string"}}],"inLanguage":"de"},{"@type":"Organization","@id":"https:\/\/gerd-millmann.at\/#organization","name":"Mag. Gerd Millmann","url":"https:\/\/gerd-millmann.at\/","logo":{"@type":"ImageObject","inLanguage":"de","@id":"https:\/\/gerd-millmann.at\/#\/schema\/logo\/image\/","url":"https:\/\/gerd-millmann.at\/wp-content\/uploads\/2016\/07\/gerdmillmannblicknachlinks1.jpeg","contentUrl":"https:\/\/gerd-millmann.at\/wp-content\/uploads\/2016\/07\/gerdmillmannblicknachlinks1.jpeg","width":450,"height":450,"caption":"Mag. Gerd Millmann"},"image":{"@id":"https:\/\/gerd-millmann.at\/#\/schema\/logo\/image\/"},"sameAs":["https:\/\/www.facebook.com\/profile.php?id=1221733024","https:\/\/x.com\/GerdMillmann","https:\/\/at.linkedin.com\/in\/gerd-millmann","https:\/\/www.xing.com\/profile\/Gerd_Millmann2\/"]}]}},"_links":{"self":[{"href":"https:\/\/gerd-millmann.at\/index.php?rest_route=\/wp\/v2\/pages\/11","targetHints":{"allow":["GET"]}}],"collection":[{"href":"https:\/\/gerd-millmann.at\/index.php?rest_route=\/wp\/v2\/pages"}],"about":[{"href":"https:\/\/gerd-millmann.at\/index.php?rest_route=\/wp\/v2\/types\/page"}],"author":[{"embeddable":true,"href":"https:\/\/gerd-millmann.at\/index.php?rest_route=\/wp\/v2\/users\/2"}],"replies":[{"embeddable":true,"href":"https:\/\/gerd-millmann.at\/index.php?rest_route=%2Fwp%2Fv2%2Fcomments&post=11"}],"version-history":[{"count":0,"href":"https:\/\/gerd-millmann.at\/index.php?rest_route=\/wp\/v2\/pages\/11\/revisions"}],"wp:attachment":[{"href":"https:\/\/gerd-millmann.at\/index.php?rest_route=%2Fwp%2Fv2%2Fmedia&parent=11"}],"curies":[{"name":"wp","href":"https:\/\/api.w.org\/{rel}","templated":true}]}}